 - 0*x - 222. Calculate the remainder when x is divided by 28.
27
Let s(h) = h**3 - 16*h**2 + 16*h - 2. Let z be 1/(6/(-45))*-2. What is the remainder when 49 is divided by s(z)?
10
Let d(w) = -7 + w**2 - 2*w**3 + 3*w**3 - 3*w**2 - 2*w. Calculate the remainder when d(4) is divided by 10.
7
Suppose 7062 = -7*r + 18*r. What is the remainder when r is divided by 15?
12
Suppose -4*t - 3*m - 26 = 0, m + 4*m - 2 = -t. Let y(l) = -5*l + 2. What is the remainder when 120 is divided by y(t)?
36
Let z(g) = g + 1. Let k be z(0). Let m(n) = 13*n**2 - n + 1. Calculate the remainder when ((10/(-5))/2)/(12/(-600)) is divided by m(k).
11
Suppose -5*w + 56 = 2*s, 5*w + 20 - 82 = -4*s. Let t = 48 - w. Suppose 0 = -2*i - 3*l + 3 + 23, -4*i + 52 = 2*l. What is the remainder when t is divided by i?
12
Suppose -i + 4*b + 19 + 49 = 0, b - 277 = -5*i. Let d = 149 + -115. Let o = i - d. What is the remainder when o is divided by 6?
4
Calculate the remainder when -4 - (-96)/((-12)/40*-5) is divided by 23.
14
Let k(q) = -34*q - 1. Suppose -5 - 1 = 2*w. What is the remainder when k(-1) is divided by (-53)/(-6) - w/18?
6
Let i be 14 + -13 - (0 + 0). Let b = i - -24. What is the remainder when 19 is divided by (28/(-35))/((-2)/b)?
9
Suppose f = -f - 108. Let q = -42 - f. What is the remainder when q is divided by (7/(-2))/(2/(-4))?
5
Let u(p) = -p**2 - 20*p - 4. What is the remainder when 63 is divided by u(-19)?
3
Suppose -m = -a + 2*a - 18, -2*m + 21 = -3*a. Suppose -3*d = -18 - m. What is the remainder when 41 is divided by d?
8
Suppose -18*x + 15*x + 147 = 0. Let u(m) = 4*m**2 - m. Calculate the remainder when x is divided by u(2).
7
Suppose 4*z + 2*y - 5 - 415 = 0, 2*z - 218 = 3*y. Suppose 5*q - z = -3*t + 85, 3*q + 5*t = 121. Calculate the remainder when q is divided by 10.
7
Suppose 4*m = 12, -3*x - 4*m + 29 + 148 = 0. Let h be 1/1*(-2 - 1). What is the remainder when x is divided by 174/12 - h/(-6)?
13
Let v = 11 + 5. Let r(c) = c**3 - 16*c**2 + 17. Calculate the remainder when r(v) is divided by 10.
7
Suppose -9*c + 180 + 315 = 0. What is the remainder when 201 is divided by c?
36
Suppose 0 = -4*n + 4*g + 28, -n + 26 = 2*n - 2*g. Calculate the remainder when 43 is divided by n.
7
Let a = -2 + 2. Suppose 4*n + 4*m + 20 = 0, 2*n + m + 5 = 5*n. Suppose n*q - 2*q + 10 = a. What is the remainder when 9 is divided by q?
4
Calculate the remainder when 37 is divided by 6/4*(-38)/(-19)*9.
10
Let y(q) = q**2 + 13*q + 15. Let i be y(-12). Suppose 33 = i*x - 60. Calculate the remainder when 91 is divided by x.
29
Let r(b) = -5 + 0*b + 3 + 2*b**3 + b - 9*b**2 + 10. What is the remainder when r(6) is divided by 41?
40
Let p = -1443 + 1489. Calculate the remainder when 104 is divided by p.
12
Let z(p) = -p**3 - 7*p**2 - p - 7. Let n be z(-7). Calculate the remainder when (387/(-6))/(186/(-124)) is divided by (-2 - (n + -1))*-11.
10
Suppose -7*m + 6*m + 95 = 0. Suppose 8*k = m + 17. Calculate the remainder when 111 is divided by k.
13
Suppose -6*q + 2*q = -316. Suppose 0 = -5*t + 10, 0 = h - 4*t + 3 - 16. Let v = h - 1. What is the remainder when q is divided by v?
19
Suppose -31 = a - 0*a - 48. Suppose 4*m + 63 = 5*m. Calculate the remainder when m is divided by a.
12
Let l(a) = -7*a**2 + 31*a + 21. Suppose 0 = p + 4*p - 4*f - 9, -p = f. Calculate the remainder when p is divided by l(5).
0
Calculate the remainder when 687 is divided by (7/(420/288))/(3/10).
15
Suppose -13*h = -2*h - 319. What is the remainder when -18*(-2*2 + 1) is divided by h?
25
Let g(h) = h**2 + 15*h + 15. Let l be g(-12). Calculate the remainder when 9 is divided by (2 + -8)*14/l.
1
Let v(n) = -22*n**3 - 175*n**2 + 8*n + 1. Suppose -3 = -3*d - 0*d. What is the remainder when v(-8) is divided by d?
0
Let a(r) = r**3 - 9*r**2 + 5*r + 8. Calculate the remainder when a(9) is divided by (-12)/9*-6 + 3.
9
Let i(l) = -1 + 8*l**2 - 5*l**2 + l**3 + 6*l**2 + 9. What is the remainder when i(-9) is divided by 2?
0
Suppose 1494 = -5*n + 7*n - 2*a, 0 = -3*a + 9. What is the remainder when n is divided by 47?
45
Let i be 104/28 - (-4)/14. What is the remainder when 35 is divided by 15 - (i + -1)*1?
11
Let i(j) be the third derivative of -j**6/120 + 2*j**5/15 + 3*j**4/8 + 5*j**3/6 + 20*j**2. Calculate the remainder when i(8) is divided by 20.
17
Suppose 3*w + 5*u - 43 = -17, 0 = -2*u + 8. Suppose 0 = 2*i - w, 4*t + i - 19 = 2*i. Let o = 21 - t. What is the remainder when 31 is divided by o?
15
Let a(s) = s**3 + 6*s**2 - 6*s + 7. Let b be a(-7). Suppose b*c - 3*k + 8 = -c, -16 = -3*c - k. What is the remainder when c is divided by 3?
1
Let f(d) = 2*d**2 - 1. Let z be f(-1). Let h be (-8 + 64)*z/(-2). Let n = h + 43. Calculate the remainder when 43 is divided by n.
13
Let t(f) = -2*f - 4*f + f - 1. Let g be t(-7). What is the remainder when 10 is divided by 7/21 - g/(-6)?
4
Suppose -2*u - u = 5*j - 185, 4*u = 3*j + 237. Let h = u - 40. Suppose -159 = -4*w + 2*p + 71, w - 63 = -5*p. Calculate the remainder when w is divided by h.
18
Suppose v = -5*z + 357, -297 = -z - 3*z + 3*v. Let s(o) = -o**3 - 8*o**2 - 8*o - 4. Let b be s(-7). Calculate the remainder when (-2 - 1) + z/b is divided by 6.
3
What is the remainder when 226 is divided by -1 + -5*(-5 + -7)?
49
Let q(s) = -3*s**3 - 2*s - 2. Let j be q(-1). Calculate the remainder when 10 is divided by 3/(-15) + -22*j/(-30).
0
Suppose -51*i + 68 = -47*i. What is the remainder when 52 is divided by i?
1
Let o(r) = r**2 - 43*r + 208. Calculate the remainder when o(38) is divided by 8.
2
Let f = -35 - -15. Calculate the remainder when 105 is divided by 0 + (-2)/8 + (-545)/f.
24
Let s(o) = 12*o**2 - 2*o - 4. Suppose 0 = -j - 0 + 3. Let q be s(j). Suppose q = u + u. Calculate the remainder when u is divided by 17.
15
Let n = -633 - -1265. Suppose 0*y = 8*y - n. What is the remainder when y is divided by 27?
25
Let n be -4 - (-5)/(5/2). What is the remainder when 29 is divided by 7 + (n - (-5 - -1))?
2
Let j be (-4)/(-4)*1*13. Suppose -6*r = 1 - j. Calculate the remainder when r is divided by 2.
0
Calculate the remainder when (-23)/322 - (-1 + (-127)/14) is divided by 10.
0
Suppose 3*o - y + 10 + 12 = 0, 2*o + 3*y = 0. What is the remainder when o*(-2)/(4 + -2) is divided by -3 - 8/((-168)/35)*3?
0
Suppose 0 = -5*t - 25, 5*i + 12 = -t + 72. Let y be (-150)/45*(-6)/5. Suppose -52 = -y*n + 44. What is the remainder when n is divided by i?
11
Let l be ((-9)/(-27))/((-2)/(-30)). Suppose 3*i + 78 = -h - 3*h, l*h = -2*i - 52. Let d = -20 - i. Calculate the remainder when d is divided by 5.
1
Let u be (3/9 - (-115)/(-3)) + -1. Calculate the remainder when -1 + (-13)/u + 41/3 is divided by 5.
3
Let r(k) = -k + 1. Let g be r(8). Let a = 35 - g. Suppose -4*c + 61 = 17. What is the remainder when a is divided by c?
9
Suppose -2*y - 340 = -2*c, 0 = -3*y - 2*y + 10. Calculate the remainder when c is divided by (-4)/((-60)/125)*3.
22
What is the remainder when 77 is divided by 4*2/56 - (-1992)/168?
5
Let u(a) = 2*a**2 + 21*a + 33. What is the remainder when 183 is divided by u(-10)?
22
What is the remainder when 135 is divided by (30/(-105) - 5/7)*-31?
11
Suppose -8*r + 15 = -3*r. Suppose -2*u = -o + 5*o - 22, -r*u + 5*o - 22 = 0. Calculate the remainder when 49 is divided by 774/45 + u/(-5).
15
Let v = 56 - 59. Calculate the remainder when v*(-807)/36 + 1/(-4) is divided by 17.
16
Suppose -55 = -12*v + 101. Suppose -r - 23 = -2*r. What is the remainder when r is divided by v?
10
Suppose k - 31*k = -2010. Calculate the remainder when k is divided by 27.
13
Let l = -275 - -283. Calculate the remainder when 45 is divided by l.
5
Calculate the remainder when 1/(((-12)/(-72))/((-82)/(-12))) is divided by 11.
8
Let q = -90 - -163. Let p = q - 20. What is the remainder when p is divided by 48/(-18)*(-54)/8?
17
Suppose -3*y - 3 = -2*b, -2*b + 5*y + 18 - 5 = 0. Calculate the remainder when (4/b)/(((-4)/(-57))/(-2)) is divided by 12.
7
Let f = 2 + -15. Let p = -10 - f. Suppose -p*w + 15 = -126. What is the remainder when w is divided by 12?
11
Let q(t) = -26*t + 6. Let j be q(-3). Suppose -5*l + 19*l = j. What is the remainder when 46 is divided by l?
4
Let a = 296 + -176. Let x = a + -100. What is the remainder when 97 is divided by x?
17
Suppose -2 = 3*j + 2*l, 2*j - 19 + 3 = 3*l. Suppose -5*k = j*p +